{"id":8271,"date":"2022-03-20T13:35:33","date_gmt":"2022-03-20T12:35:33","guid":{"rendered":"https:\/\/therenegades.live\/?page_id=8271"},"modified":"2023-02-12T15:45:37","modified_gmt":"2023-02-12T14:45:37","slug":"renegades-collective","status":"publish","type":"page","link":"https:\/\/renegades.fr\/?page_id=8271","title":{"rendered":"RENEGADES Collective"},"content":{"rendered":"\t\t<div data-elementor-type=\"wp-page\" data-elementor-id=\"8271\" class=\"elementor elementor-8271\">\n\t\t\t\t\t\t\t\t\t<section class=\"elementor-section elementor-top-section elementor-element elementor-element-22c28c3 elementor-section-boxed elementor-section-height-default elementor-section-height-default\" data-id=\"22c28c3\" data-element_type=\"section\">\n\t\t\t\t\t\t<div class=\"elementor-container elementor-column-gap-default\">\n\t\t\t\t\t<div class=\"elementor-column elementor-col-100 elementor-top-column elementor-element elementor-element-c29cec4\" data-id=\"c29cec4\" data-element_type=\"column\">\n\t\t\t<div class=\"elementor-widget-wrap elementor-element-populated\">\n\t\t\t\t\t\t\t\t<section class=\"elementor-section elementor-inner-section elementor-element elementor-element-77de023 elementor-section-boxed elementor-section-height-default elementor-section-height-default\" data-id=\"77de023\" data-element_type=\"section\">\n\t\t\t\t\t\t<div class=\"elementor-container elementor-column-gap-default\">\n\t\t\t\t\t<div class=\"elementor-column elementor-col-50 elementor-inner-column elementor-element elementor-element-dc3d5f1\" data-id=\"dc3d5f1\" data-element_type=\"column\">\n\t\t\t<div class=\"elementor-widget-wrap elementor-element-populated\">\n\t\t\t\t\t\t\t\t<div class=\"elementor-element elementor-element-e5b94e9 elementor-widget elementor-widget-image\" data-id=\"e5b94e9\" data-element_type=\"widget\" data-widget_type=\"image.default\">\n\t\t\t\t<div class=\"elementor-widget-container\">\n\t\t\t<style>\/*! elementor - v3.6.5 - 27-04-2022 *\/\n.elementor-widget-image{text-align:center}.elementor-widget-image a{display:inline-block}.elementor-widget-image a img[src$=\".svg\"]{width:48px}.elementor-widget-image img{vertical-align:middle;display:inline-block}<\/style>\t\t\t\t\t\t\t\t\t\t\t\t<img decoding=\"async\" width=\"4364\" height=\"2388\" src=\"https:\/\/renegades.fr\/wp-content\/uploads\/2022\/03\/Rogue6.0COPIE.png\" class=\"attachment-full size-full\" alt=\"\" loading=\"lazy\" srcset=\"https:\/\/renegades.fr\/wp-content\/uploads\/2022\/03\/Rogue6.0COPIE.png 4364w, https:\/\/renegades.fr\/wp-content\/uploads\/2022\/03\/Rogue6.0COPIE-300x164.png 300w, https:\/\/renegades.fr\/wp-content\/uploads\/2022\/03\/Rogue6.0COPIE-1024x560.png 1024w, https:\/\/renegades.fr\/wp-content\/uploads\/2022\/03\/Rogue6.0COPIE-768x420.png 768w, https:\/\/renegades.fr\/wp-content\/uploads\/2022\/03\/Rogue6.0COPIE-1536x841.png 1536w, https:\/\/renegades.fr\/wp-content\/uploads\/2022\/03\/Rogue6.0COPIE-2048x1121.png 2048w\" sizes=\"(max-width: 4364px) 100vw, 4364px\" \/>\t\t\t\t\t\t\t\t\t\t\t\t\t\t\t<\/div>\n\t\t\t\t<\/div>\n\t\t\t\t\t<\/div>\n\t\t<\/div>\n\t\t\t\t<div class=\"elementor-column elementor-col-50 elementor-inner-column elementor-element elementor-element-2ab0650\" data-id=\"2ab0650\" data-element_type=\"column\">\n\t\t\t<div class=\"elementor-widget-wrap elementor-element-populated\">\n\t\t\t\t\t\t\t\t<div class=\"elementor-element elementor-element-cba9fb1 elementor-widget elementor-widget-image\" data-id=\"cba9fb1\" data-element_type=\"widget\" data-widget_type=\"image.default\">\n\t\t\t\t<div class=\"elementor-widget-container\">\n\t\t\t\t\t\t\t\t\t\t\t\t\t\t\t<img decoding=\"async\" width=\"1080\" height=\"100\" src=\"https:\/\/renegades.fr\/wp-content\/uploads\/2022\/03\/LEPROJETSW.jpg\" class=\"attachment-full size-full\" alt=\"\" loading=\"lazy\" srcset=\"https:\/\/renegades.fr\/wp-content\/uploads\/2022\/03\/LEPROJETSW.jpg 1080w, https:\/\/renegades.fr\/wp-content\/uploads\/2022\/03\/LEPROJETSW-300x28.jpg 300w, https:\/\/renegades.fr\/wp-content\/uploads\/2022\/03\/LEPROJETSW-1024x95.jpg 1024w, https:\/\/renegades.fr\/wp-content\/uploads\/2022\/03\/LEPROJETSW-768x71.jpg 768w\" sizes=\"(max-width: 1080px) 100vw, 1080px\" \/>\t\t\t\t\t\t\t\t\t\t\t\t\t\t\t<\/div>\n\t\t\t\t<\/div>\n\t\t\t\t\t<\/div>\n\t\t<\/div>\n\t\t\t\t\t\t\t<\/div>\n\t\t<\/section>\n\t\t\t\t<div class=\"elementor-element elementor-element-733788a elementor-widget elementor-widget-text-editor\" data-id=\"733788a\" data-element_type=\"widget\" data-widget_type=\"text-editor.default\">\n\t\t\t\t<div class=\"elementor-widget-container\">\n\t\t\t<style>\/*! elementor - v3.6.5 - 27-04-2022 *\/\n.elementor-widget-text-editor.elementor-drop-cap-view-stacked .elementor-drop-cap{background-color:#818a91;color:#fff}.elementor-widget-text-editor.elementor-drop-cap-view-framed .elementor-drop-cap{color:#818a91;border:3px solid;background-color:transparent}.elementor-widget-text-editor:not(.elementor-drop-cap-view-default) .elementor-drop-cap{margin-top:8px}.elementor-widget-text-editor:not(.elementor-drop-cap-view-default) .elementor-drop-cap-letter{width:1em;height:1em}.elementor-widget-text-editor .elementor-drop-cap{float:left;text-align:center;line-height:1;font-size:50px}.elementor-widget-text-editor .elementor-drop-cap-letter{display:inline-block}<\/style>\t\t\t\t<p style=\"text-align: justify;\">RENEGADES est un collectif de Streamers ind\u00e9pendants. Nous formons une association ayant pour but de cr\u00e9er des passerelles entre le jeu vid\u00e9o et le caritatif, de connecter les personnes qui sont socialement ou g\u00e9ographiquement \u00e9loign\u00e9es des structures du jeu vid\u00e9o.<\/p><p style=\"text-align: justify;\">L&rsquo;\u00e9quipe a pr\u00e9c\u00e9demment particip\u00e9 aux op\u00e9rations <strong>Covideogames<\/strong>, <strong>WarmeUp du Desert Bus FR<\/strong>, <strong>Sans Croquettes Twitch<\/strong>, <strong>Arma Des Dons<\/strong>, <strong>Un Joyeux Petit Dej&rsquo; du Nouvel An<\/strong>.<\/p><p style=\"text-align: justify;\">Pour la plupart, nous sommes issus de l&rsquo;industrie et de la culture du jeu vid\u00e9o. Des v\u00e9t\u00e9rans ayant de multiples exp\u00e9riences et d\u00e9sirant la partager avec un large public. L&rsquo;id\u00e9e \u00e9tant de rapprocher les joueurs et joueuses, les connecter aux cr\u00e9ateurs et f\u00e9d\u00e9rer des \u00e9v\u00e9nements de rassemblement entre artistes et amateurs.<\/p><p>Pour rejoindre l&rsquo;association RENEGADES afin de participer \u00e0 l&rsquo;\u00e9tude et l&rsquo;\u00e9laboration de nos prochaines op\u00e9rations, vous pouvez vous inscrire \u00e0 partir du 27 mars 2022 !<\/p>\t\t\t\t\t\t<\/div>\n\t\t\t\t<\/div>\n\t\t\t\t<section class=\"elementor-section elementor-inner-section elementor-element elementor-element-95b6a27 elementor-section-boxed elementor-section-height-default elementor-section-height-default\" data-id=\"95b6a27\" data-element_type=\"section\">\n\t\t\t\t\t\t<div class=\"elementor-container elementor-column-gap-default\">\n\t\t\t\t\t<div class=\"elementor-column elementor-col-50 elementor-inner-column elementor-element elementor-element-0bada00\" data-id=\"0bada00\" data-element_type=\"column\">\n\t\t\t<div class=\"elementor-widget-wrap elementor-element-populated\">\n\t\t\t\t\t\t\t\t<div class=\"elementor-element elementor-element-6ee75cc elementor-widget elementor-widget-image\" data-id=\"6ee75cc\" data-element_type=\"widget\" data-widget_type=\"image.default\">\n\t\t\t\t<div class=\"elementor-widget-container\">\n\t\t\t\t\t\t\t\t\t\t\t\t\t\t\t<img decoding=\"async\" width=\"640\" height=\"360\" src=\"https:\/\/renegades.fr\/wp-content\/uploads\/2022\/03\/LOGOV2_vBADGE_1-1024x576.png\" class=\"attachment-large size-large\" alt=\"Arma des Dons\" loading=\"lazy\" srcset=\"https:\/\/renegades.fr\/wp-content\/uploads\/2022\/03\/LOGOV2_vBADGE_1-1024x576.png 1024w, https:\/\/renegades.fr\/wp-content\/uploads\/2022\/03\/LOGOV2_vBADGE_1-300x169.png 300w, https:\/\/renegades.fr\/wp-content\/uploads\/2022\/03\/LOGOV2_vBADGE_1-768x432.png 768w, https:\/\/renegades.fr\/wp-content\/uploads\/2022\/03\/LOGOV2_vBADGE_1-1536x864.png 1536w, https:\/\/renegades.fr\/wp-content\/uploads\/2022\/03\/LOGOV2_vBADGE_1.png 1920w\" sizes=\"(max-width: 640px) 100vw, 640px\" \/>\t\t\t\t\t\t\t\t\t\t\t\t\t\t\t<\/div>\n\t\t\t\t<\/div>\n\t\t\t\t\t<\/div>\n\t\t<\/div>\n\t\t\t\t<div class=\"elementor-column elementor-col-50 elementor-inner-column elementor-element elementor-element-6d47dbe\" data-id=\"6d47dbe\" data-element_type=\"column\">\n\t\t\t<div class=\"elementor-widget-wrap elementor-element-populated\">\n\t\t\t\t\t\t\t\t<div class=\"elementor-element elementor-element-56bbb94 elementor-widget elementor-widget-image\" data-id=\"56bbb94\" data-element_type=\"widget\" data-widget_type=\"image.default\">\n\t\t\t\t<div class=\"elementor-widget-container\">\n\t\t\t\t\t\t\t\t\t\t\t\t\t\t\t<img decoding=\"async\" width=\"300\" height=\"300\" src=\"https:\/\/renegades.fr\/wp-content\/uploads\/2022\/03\/LogoCC_ContourBlanc-300x300.png\" class=\"attachment-medium size-medium\" alt=\"Cr\u00e9ateurs de Compagnie\" loading=\"lazy\" srcset=\"https:\/\/renegades.fr\/wp-content\/uploads\/2022\/03\/LogoCC_ContourBlanc-300x300.png 300w, https:\/\/renegades.fr\/wp-content\/uploads\/2022\/03\/LogoCC_ContourBlanc-150x150.png 150w, https:\/\/renegades.fr\/wp-content\/uploads\/2022\/03\/LogoCC_ContourBlanc-768x768.png 768w, https:\/\/renegades.fr\/wp-content\/uploads\/2022\/03\/LogoCC_ContourBlanc.png 1000w\" sizes=\"(max-width: 300px) 100vw, 300px\" \/>\t\t\t\t\t\t\t\t\t\t\t\t\t\t\t<\/div>\n\t\t\t\t<\/div>\n\t\t\t\t\t<\/div>\n\t\t<\/div>\n\t\t\t\t\t\t\t<\/div>\n\t\t<\/section>\n\t\t\t\t<section class=\"elementor-section elementor-inner-section elementor-element elementor-element-638a2b1 elementor-section-boxed elementor-section-height-default elementor-section-height-default\" data-id=\"638a2b1\" data-element_type=\"section\">\n\t\t\t\t\t\t<div class=\"elementor-container elementor-column-gap-default\">\n\t\t\t\t\t<div class=\"elementor-column elementor-col-50 elementor-inner-column elementor-element elementor-element-54b5445\" data-id=\"54b5445\" data-element_type=\"column\">\n\t\t\t<div class=\"elementor-widget-wrap elementor-element-populated\">\n\t\t\t\t\t\t\t\t<div class=\"elementor-element elementor-element-45cefb1 elementor-widget elementor-widget-image\" data-id=\"45cefb1\" data-element_type=\"widget\" data-widget_type=\"image.default\">\n\t\t\t\t<div class=\"elementor-widget-container\">\n\t\t\t\t\t\t\t\t\t\t\t\t\t\t\t<img decoding=\"async\" width=\"556\" height=\"312\" src=\"https:\/\/renegades.fr\/wp-content\/uploads\/2022\/03\/COVIDEOGAME_logo.png\" class=\"attachment-large size-large\" alt=\"\" loading=\"lazy\" srcset=\"https:\/\/renegades.fr\/wp-content\/uploads\/2022\/03\/COVIDEOGAME_logo.png 556w, https:\/\/renegades.fr\/wp-content\/uploads\/2022\/03\/COVIDEOGAME_logo-300x168.png 300w\" sizes=\"(max-width: 556px) 100vw, 556px\" \/>\t\t\t\t\t\t\t\t\t\t\t\t\t\t\t<\/div>\n\t\t\t\t<\/div>\n\t\t\t\t\t<\/div>\n\t\t<\/div>\n\t\t\t\t<div class=\"elementor-column elementor-col-50 elementor-inner-column elementor-element elementor-element-9f8c2b5\" data-id=\"9f8c2b5\" data-element_type=\"column\">\n\t\t\t<div class=\"elementor-widget-wrap elementor-element-populated\">\n\t\t\t\t\t\t\t\t<div class=\"elementor-element elementor-element-1727296 elementor-widget elementor-widget-image\" data-id=\"1727296\" data-element_type=\"widget\" data-widget_type=\"image.default\">\n\t\t\t\t<div class=\"elementor-widget-container\">\n\t\t\t\t\t\t\t\t\t\t\t\t\t\t\t<img decoding=\"async\" width=\"300\" height=\"300\" src=\"https:\/\/renegades.fr\/wp-content\/uploads\/2022\/03\/DB2021iraiserwarmup-300x300.jpg\" class=\"attachment-medium size-medium\" alt=\"\" loading=\"lazy\" srcset=\"https:\/\/renegades.fr\/wp-content\/uploads\/2022\/03\/DB2021iraiserwarmup-300x300.jpg 300w, https:\/\/renegades.fr\/wp-content\/uploads\/2022\/03\/DB2021iraiserwarmup-150x150.jpg 150w, https:\/\/renegades.fr\/wp-content\/uploads\/2022\/03\/DB2021iraiserwarmup.jpg 570w\" sizes=\"(max-width: 300px) 100vw, 300px\" \/>\t\t\t\t\t\t\t\t\t\t\t\t\t\t\t<\/div>\n\t\t\t\t<\/div>\n\t\t\t\t\t<\/div>\n\t\t<\/div>\n\t\t\t\t\t\t\t<\/div>\n\t\t<\/section>\n\t\t\t\t<div class=\"elementor-element elementor-element-2ac3f22 elementor-widget elementor-widget-image\" data-id=\"2ac3f22\" data-element_type=\"widget\" data-widget_type=\"image.default\">\n\t\t\t\t<div class=\"elementor-widget-container\">\n\t\t\t\t\t\t\t\t\t\t\t\t\t\t\t<img decoding=\"async\" width=\"1080\" height=\"100\" src=\"https:\/\/renegades.fr\/wp-content\/uploads\/2022\/03\/SOUTENIRSW.jpg\" class=\"attachment-full size-full\" alt=\"\" loading=\"lazy\" srcset=\"https:\/\/renegades.fr\/wp-content\/uploads\/2022\/03\/SOUTENIRSW.jpg 1080w, https:\/\/renegades.fr\/wp-content\/uploads\/2022\/03\/SOUTENIRSW-300x28.jpg 300w, https:\/\/renegades.fr\/wp-content\/uploads\/2022\/03\/SOUTENIRSW-1024x95.jpg 1024w, https:\/\/renegades.fr\/wp-content\/uploads\/2022\/03\/SOUTENIRSW-768x71.jpg 768w\" sizes=\"(max-width: 1080px) 100vw, 1080px\" \/>\t\t\t\t\t\t\t\t\t\t\t\t\t\t\t<\/div>\n\t\t\t\t<\/div>\n\t\t\t\t<div class=\"elementor-element elementor-element-06396bf elementor-widget elementor-widget-text-editor\" data-id=\"06396bf\" data-element_type=\"widget\" data-widget_type=\"text-editor.default\">\n\t\t\t\t<div class=\"elementor-widget-container\">\n\t\t\t\t\t\t\t<p>Pour nous soutenir dans notre projet et nous permettre d&rsquo;avancer, vous pouvez le faire de plusieurs mani\u00e8res !<br \/>En nous suivant sur nos r\u00e9seaux, en parlant de l&rsquo;association et de nos streams, m\u00e9dias et projets autour de vous, \u00e0 vos proches, familles, amis, connaissances !<\/p><p>Comme tout projet, m\u00eame associatif, nous avons des frais de fonctionnement, pour le site Internet, des services de multi streaming, un nom de domaine, l&rsquo;acquisition de mat\u00e9riel logistique permettant de conserver notre ind\u00e9pendance. Afin de nous aider \u00e0 financer ces ressources, vous pouvez participer de plusieurs mani\u00e8res diff\u00e9rentes :<\/p><p>&#8211; Adh\u00e9rer \u00e0 l&rsquo;association et nous soutenir \u00e0 l&rsquo;aide de la cotisation annuelle.<br \/>&#8211; Donner sur notre Tipeee et ainsi obtenir des bonus exclusifs.<br \/>&#8211; Nous soutenir via le syst\u00e8me d&rsquo;abonnement sur Twitch, afin d&rsquo;aider la chaine \u00e0 devenir partenaire et gagner en visibilit\u00e9.<\/p>\t\t\t\t\t\t<\/div>\n\t\t\t\t<\/div>\n\t\t\t\t<div class=\"elementor-element elementor-element-91a91d4 elementor-widget elementor-widget-image\" data-id=\"91a91d4\" data-element_type=\"widget\" data-widget_type=\"image.default\">\n\t\t\t\t<div class=\"elementor-widget-container\">\n\t\t\t\t\t\t\t\t\t\t\t\t\t\t\t<img decoding=\"async\" width=\"1080\" height=\"100\" src=\"https:\/\/renegades.fr\/wp-content\/uploads\/2022\/03\/MLSW.jpg\" class=\"attachment-full size-full\" alt=\"\" loading=\"lazy\" srcset=\"https:\/\/renegades.fr\/wp-content\/uploads\/2022\/03\/MLSW.jpg 1080w, https:\/\/renegades.fr\/wp-content\/uploads\/2022\/03\/MLSW-300x28.jpg 300w, https:\/\/renegades.fr\/wp-content\/uploads\/2022\/03\/MLSW-1024x95.jpg 1024w, https:\/\/renegades.fr\/wp-content\/uploads\/2022\/03\/MLSW-768x71.jpg 768w\" sizes=\"(max-width: 1080px) 100vw, 1080px\" \/>\t\t\t\t\t\t\t\t\t\t\t\t\t\t\t<\/div>\n\t\t\t\t<\/div>\n\t\t\t\t<div class=\"elementor-element elementor-element-3387eb8 elementor-widget elementor-widget-text-editor\" data-id=\"3387eb8\" data-element_type=\"widget\" data-widget_type=\"text-editor.default\">\n\t\t\t\t<div class=\"elementor-widget-container\">\n\t\t\t\t\t\t\t<p style=\"text-align: justify;\">Cette page d\u00e9crit les mentions l\u00e9gales qui s&rsquo;appliquent \u00e0 tout internaute visitant ce site. En le consultant vous vous engagez sans r\u00e9serve \u00e0 les respecter. Les mentions l\u00e9gales pouvant \u00eatre modifi\u00e9es \u00e0 tout moment et sans pr\u00e9avis, nous vous invitons \u00e0 les consulter r\u00e9guli\u00e8rement.<\/p>\n<h2 style=\"margin: 0px 22px 16px; padding: 0px; border: 0px; outline: 0px; vertical-align: baseline; font-weight: normal; color: #333333; font-size: 24px; font-family: 'Source Sans Pro', sans-serif; text-align: justify;\"><strong>Propri\u00e9t\u00e9 Intellectuelle<\/strong><\/h2>\n<p style=\"text-align: justify;\">Le site http:\/\/www.renegades.live appartient et est exploit\u00e9 par l&rsquo;association RENEGADES. La pr\u00e9sentation et chacun des \u00e9l\u00e9ments, y compris les marques, logos et noms de domaine, apparaissant sur le site http:\/\/www.renegades.live (ci-apr\u00e8s \u00ab\u00a0les Sites\u00a0\u00bb), sont prot\u00e9g\u00e9s par les lois en vigueur sur la propri\u00e9t\u00e9 intellectuelle, et appartiennent \u00e0 RENEGADES ou font l&rsquo;objet d&rsquo;une autorisation d&rsquo;utilisation.<\/p>\n<p style=\"text-align: justify;\">Aucun \u00e9l\u00e9ment tel que le contenu r\u00e9dactionnel ou les photographies composant les Sites ne peut \u00eatre copi\u00e9, reproduit, modifi\u00e9, r\u00e9\u00e9dit\u00e9, charg\u00e9, d\u00e9natur\u00e9, transmis ou distribu\u00e9 de quelque mani\u00e8re que ce soit, sous quelque support que ce soit, de fa\u00e7on partielle ou int\u00e9grale, sans l&rsquo;autorisation \u00e9crite et pr\u00e9alable de Renegades \u00e0 l&rsquo;exception d&rsquo;une stricte utilisation pour les besoins de la presse et sous r\u00e9serve du respect des droits de propri\u00e9t\u00e9 intellectuelle et de tout autre droit de propri\u00e9t\u00e9 dont il est fait mention. Seule la copie \u00e0 usage priv\u00e9 est autoris\u00e9e pour votre usage personnel, priv\u00e9 et non-commercial, sur votre ordinateur personnel.<\/p>\n<p style=\"text-align: justify;\">La mention suivante doit notamment appara\u00eetre sur toute copie autoris\u00e9e de tout ou partie du contenu du Site: \u00ab\u00a0COPYRIGHT RENEGADES TOUS DROITS R\u00c9SERV\u00c9S\u00a0\u00bb. Toute utilisation autoris\u00e9e des \u00e9l\u00e9ments composant ou figurant dans le site doit se faire sans d\u00e9naturation, modification ou alt\u00e9ration de quelque mani\u00e8re que ce soit.<\/p>\n<p style=\"text-align: center;\">RENEGADES se r\u00e9serve le droit de poursuivre tout acte de contrefa\u00e7on de ses droits de propri\u00e9t\u00e9 intellectuelle.<\/p>\n<p><span style=\"text-decoration: underline;\"><strong>La marque RENEGADES, LOGO et SIGLE associ\u00e9s sont d\u00e9pos\u00e9s \u00e0 l&rsquo;INPI<\/strong><\/span><\/p>\n<h2 style=\"margin: 0px 22px 16px; padding: 0px; border: 0px; outline: 0px; vertical-align: baseline; font-weight: normal; color: #333333; font-size: 24px; font-family: 'Source Sans Pro', sans-serif; text-align: justify;\"><strong>Liens vers d&rsquo;autres sites<\/strong><\/h2>\n<p style=\"text-align: justify;\">La responsabilit\u00e9 de RENEGADES ne saurait \u00eatre engag\u00e9e au titre d&rsquo;un site tiers auquel vous auriez acc\u00e8s via les sites. Nous ne disposons d&rsquo;aucun moyen de contr\u00f4le du contenu de ces sites tiers qui demeurent totalement ind\u00e9pendants de RENEGADES. De surcro\u00eet, l&rsquo;existence d&rsquo;un lien entre les Sites et un site tiers ne signifie en aucun cas que RENEGADES approuve \u00e0 quelque titre que ce soit le contenu de ce site et a fortiori l&rsquo;usage qui pourrait en \u00eatre fait.<\/p>\n<p style=\"text-align: justify;\">En outre, il vous incombe de prendre les pr\u00e9cautions n\u00e9cessaires pour \u00e9viter toute contamination des Sites par notamment un ou plusieurs \u00ab\u00a0virus\u00a0\u00bb, \u00ab\u00a0Cheval de Troie\u00a0\u00bb ou tout autre \u00ab\u00a0parasite\u00a0\u00bb.<\/p>\n<p style=\"text-align: justify;\">Des sites externes peuvent contenir des liens hypertextes pointant vers les Sites. Un tel lien ne pourra \u00eatre install\u00e9 sans l&rsquo;accord pr\u00e9alable et expr\u00e8s de RENEGADES. En tout \u00e9tat de cause, RENEGADES&nbsp;n&rsquo;est aucunement responsable de l&rsquo;indisponibilit\u00e9 de tels sites et RENEGADES&nbsp;n&rsquo;examine, ne contr\u00f4le, n&rsquo;approuve ni n&rsquo;est responsable des contenus, publicit\u00e9s, produits ou autres \u00e9l\u00e9ments disponibles sur ou via ces sites.<\/p>\n<h2 style=\"margin: 0px 22px 16px; padding: 0px; border: 0px; outline: 0px; vertical-align: baseline; font-weight: normal; color: #333333; font-size: 24px; font-family: 'Source Sans Pro', sans-serif; text-align: justify;\"><strong>Dispositions juridictionnelles<\/strong><\/h2>\n<p style=\"text-align: justify;\">Le Site et son contenu sont r\u00e9gis par le Droit Fran\u00e7ais, et tout litige \u00e9ventuel s&rsquo;y rapportant sera soumis \u00e0 la comp\u00e9tence des tribunaux fran\u00e7ais.<\/p>\t\t\t\t\t\t<\/div>\n\t\t\t\t<\/div>\n\t\t\t\t\t<\/div>\n\t\t<\/div>\n\t\t\t\t\t\t\t<\/div>\n\t\t<\/section>\n\t\t\t\t\t\t\t<\/div>\n\t\t","protected":false},"excerpt":{"rendered":"<p>RENEGADES est un collectif de Streamers ind\u00e9pendants. Nous formons une association ayant pour but de&#8230;<\/p>\n","protected":false},"author":1,"featured_media":0,"parent":0,"menu_order":0,"comment_status":"closed","ping_status":"closed","template":"","meta":[],"aioseo_notices":[],"_links":{"self":[{"href":"https:\/\/renegades.fr\/index.php?rest_route=\/wp\/v2\/pages\/8271"}],"collection":[{"href":"https:\/\/renegades.fr\/index.php?rest_route=\/wp\/v2\/pages"}],"about":[{"href":"https:\/\/renegades.fr\/index.php?rest_route=\/wp\/v2\/types\/page"}],"author":[{"embeddable":true,"href":"https:\/\/renegades.fr\/index.php?rest_route=\/wp\/v2\/users\/1"}],"replies":[{"embeddable":true,"href":"https:\/\/renegades.fr\/index.php?rest_route=%2Fwp%2Fv2%2Fcomments&post=8271"}],"version-history":[{"count":6,"href":"https:\/\/renegades.fr\/index.php?rest_route=\/wp\/v2\/pages\/8271\/revisions"}],"predecessor-version":[{"id":10043,"href":"https:\/\/renegades.fr\/index.php?rest_route=\/wp\/v2\/pages\/8271\/revisions\/10043"}],"wp:attachment":[{"href":"https:\/\/renegades.fr\/index.php?rest_route=%2Fwp%2Fv2%2Fmedia&parent=8271"}],"curies":[{"name":"wp","href":"https:\/\/api.w.org\/{rel}","templated":true}]}}