{"id":8348,"date":"2022-03-22T00:24:56","date_gmt":"2022-03-21T23:24:56","guid":{"rendered":"https:\/\/therenegades.live\/?page_id=8348"},"modified":"2024-01-13T16:59:16","modified_gmt":"2024-01-13T15:59:16","slug":"les-pionniers","status":"publish","type":"page","link":"https:\/\/renegades.fr\/?page_id=8348","title":{"rendered":"Les Pionniers"},"content":{"rendered":"\t\t<div data-elementor-type=\"wp-page\" data-elementor-id=\"8348\" class=\"elementor elementor-8348\">\n\t\t\t\t\t\t\t\t\t<section class=\"elementor-section elementor-top-section elementor-element elementor-element-c17454a elementor-section-boxed elementor-section-height-default elementor-section-height-default\" data-id=\"c17454a\" data-element_type=\"section\">\n\t\t\t\t\t\t<div class=\"elementor-container elementor-column-gap-default\">\n\t\t\t\t\t<div class=\"elementor-column elementor-col-100 elementor-top-column elementor-element elementor-element-bece958\" data-id=\"bece958\" data-element_type=\"column\">\n\t\t\t<div class=\"elementor-widget-wrap elementor-element-populated\">\n\t\t\t\t\t\t\t\t<div class=\"elementor-element elementor-element-30a5089 elementor-widget elementor-widget-image\" data-id=\"30a5089\" data-element_type=\"widget\" data-widget_type=\"image.default\">\n\t\t\t\t<div class=\"elementor-widget-container\">\n\t\t\t<style>\/*! elementor - v3.6.5 - 27-04-2022 *\/\n.elementor-widget-image{text-align:center}.elementor-widget-image a{display:inline-block}.elementor-widget-image a img[src$=\".svg\"]{width:48px}.elementor-widget-image img{vertical-align:middle;display:inline-block}<\/style>\t\t\t\t\t\t\t\t\t\t\t\t<img decoding=\"async\" width=\"1080\" height=\"100\" src=\"https:\/\/renegades.fr\/wp-content\/uploads\/2022\/03\/STAFFSW.jpg\" class=\"attachment-full size-full\" alt=\"\" loading=\"lazy\" srcset=\"https:\/\/renegades.fr\/wp-content\/uploads\/2022\/03\/STAFFSW.jpg 1080w, https:\/\/renegades.fr\/wp-content\/uploads\/2022\/03\/STAFFSW-300x28.jpg 300w, https:\/\/renegades.fr\/wp-content\/uploads\/2022\/03\/STAFFSW-1024x95.jpg 1024w, https:\/\/renegades.fr\/wp-content\/uploads\/2022\/03\/STAFFSW-768x71.jpg 768w\" sizes=\"(max-width: 1080px) 100vw, 1080px\" \/>\t\t\t\t\t\t\t\t\t\t\t\t\t\t\t<\/div>\n\t\t\t\t<\/div>\n\t\t\t\t<div class=\"elementor-element elementor-element-677770b elementor-widget elementor-widget-text-editor\" data-id=\"677770b\" data-element_type=\"widget\" data-widget_type=\"text-editor.default\">\n\t\t\t\t<div class=\"elementor-widget-container\">\n\t\t\t<style>\/*! elementor - v3.6.5 - 27-04-2022 *\/\n.elementor-widget-text-editor.elementor-drop-cap-view-stacked .elementor-drop-cap{background-color:#818a91;color:#fff}.elementor-widget-text-editor.elementor-drop-cap-view-framed .elementor-drop-cap{color:#818a91;border:3px solid;background-color:transparent}.elementor-widget-text-editor:not(.elementor-drop-cap-view-default) .elementor-drop-cap{margin-top:8px}.elementor-widget-text-editor:not(.elementor-drop-cap-view-default) .elementor-drop-cap-letter{width:1em;height:1em}.elementor-widget-text-editor .elementor-drop-cap{float:left;text-align:center;line-height:1;font-size:50px}.elementor-widget-text-editor .elementor-drop-cap-letter{display:inline-block}<\/style>\t\t\t\t<p>La team des pionniers de RENEGADES se composent de tous bords et horizons, de v\u00e9t\u00e9rans du jeu vid\u00e9o ayant travaill\u00e9s dans la r\u00e9daction, l&rsquo;\u00e9dition, le d\u00e9veloppement, le marketing ou l&rsquo;\u00e9v\u00e9nemmentiel, mais aussi de personnes ext\u00e9rieures, de passionn\u00e9s, d&rsquo;artistes, de cr\u00e9atifs.<\/p>\n<p><strong>&#8211; ZeCowboy<\/strong>, fondateur et streamer du collectif<br><strong>&#8211; Ghost<\/strong>, Co-fondateur et relation partenaires, streameur du collectif<br><strong>&#8211; Shad<\/strong>, voix off tapis dans l&rsquo;ombre avec un regard toujours bienveillant<br><strong>&#8211; John Voss<\/strong>, r\u00e9dacteur \u00e0 la fougue litt\u00e9raire et un franc parl\u00e9 passionn\u00e9<br><strong>&#8211; ZeRogueFox<\/strong>, grand connaisseur de jeux vid\u00e9o et de pop culture, il est aussi le renard du collectif et votre compagnon de stream sur Twitch<\/p>\t\t\t\t\t\t<\/div>\n\t\t\t\t<\/div>\n\t\t\t\t<div class=\"elementor-element elementor-element-553991e elementor-widget elementor-widget-image\" data-id=\"553991e\" data-element_type=\"widget\" data-widget_type=\"image.default\">\n\t\t\t\t<div class=\"elementor-widget-container\">\n\t\t\t\t\t\t\t\t\t\t\t\t\t\t\t<img decoding=\"async\" width=\"1080\" height=\"100\" src=\"https:\/\/renegades.fr\/wp-content\/uploads\/2022\/08\/APPRECIATION.jpg\" class=\"attachment-full size-full\" alt=\"\" loading=\"lazy\" srcset=\"https:\/\/renegades.fr\/wp-content\/uploads\/2022\/08\/APPRECIATION.jpg 1080w, https:\/\/renegades.fr\/wp-content\/uploads\/2022\/08\/APPRECIATION-300x28.jpg 300w, https:\/\/renegades.fr\/wp-content\/uploads\/2022\/08\/APPRECIATION-1024x95.jpg 1024w, https:\/\/renegades.fr\/wp-content\/uploads\/2022\/08\/APPRECIATION-768x71.jpg 768w\" sizes=\"(max-width: 1080px) 100vw, 1080px\" \/>\t\t\t\t\t\t\t\t\t\t\t\t\t\t\t<\/div>\n\t\t\t\t<\/div>\n\t\t\t\t<div class=\"elementor-element elementor-element-cdc2d07 elementor-widget elementor-widget-text-editor\" data-id=\"cdc2d07\" data-element_type=\"widget\" data-widget_type=\"text-editor.default\">\n\t\t\t\t<div class=\"elementor-widget-container\">\n\t\t\t\t\t\t\t<p style=\"text-align: justify;\">Nous ne sommes pas partisans des notes sur nos avis jeu vid\u00e9o, c\u2019est r\u00e9duire le travail des d\u00e9veloppeurs \u00e0 un simple num\u00e9ro. Les articles du site n\u2019ont donc pas de notation \u00e0 proprement parler, mais une appr\u00e9ciation subjective r\u00e9sum\u00e9e sous forme de m\u00e9dailles virtuelles. Si vous \u00eates tout de m\u00eame intrigu\u00e9s par les diff\u00e9rents types de r\u00e9compenses que nous octroyons aux jeux, voici les d\u00e9tails :<\/p>\t\t\t\t\t\t<\/div>\n\t\t\t\t<\/div>\n\t\t\t\t<section class=\"elementor-section elementor-inner-section elementor-element elementor-element-e034e00 elementor-section-boxed elementor-section-height-default elementor-section-height-default\" data-id=\"e034e00\" data-element_type=\"section\">\n\t\t\t\t\t\t<div class=\"elementor-container elementor-column-gap-default\">\n\t\t\t\t\t<div class=\"elementor-column elementor-col-50 elementor-inner-column elementor-element elementor-element-a134164\" data-id=\"a134164\" data-element_type=\"column\">\n\t\t\t<div class=\"elementor-widget-wrap elementor-element-populated\">\n\t\t\t\t\t\t\t\t<div class=\"elementor-element elementor-element-1884f38 elementor-widget elementor-widget-image\" data-id=\"1884f38\" data-element_type=\"widget\" data-widget_type=\"image.default\">\n\t\t\t\t<div class=\"elementor-widget-container\">\n\t\t\t\t\t\t\t\t\t\t\t\t\t\t\t<img decoding=\"async\" width=\"150\" height=\"150\" src=\"https:\/\/renegades.fr\/wp-content\/uploads\/2019\/11\/RGSBRONZE-copie-150x150.png\" class=\"attachment-thumbnail size-thumbnail\" alt=\"\" loading=\"lazy\" \/>\t\t\t\t\t\t\t\t\t\t\t\t\t\t\t<\/div>\n\t\t\t\t<\/div>\n\t\t\t\t\t<\/div>\n\t\t<\/div>\n\t\t\t\t<div class=\"elementor-column elementor-col-50 elementor-inner-column elementor-element elementor-element-eec69d5\" data-id=\"eec69d5\" data-element_type=\"column\">\n\t\t\t<div class=\"elementor-widget-wrap elementor-element-populated\">\n\t\t\t\t\t\t\t\t<div class=\"elementor-element elementor-element-826882b e-transform elementor-widget elementor-widget-text-editor\" data-id=\"826882b\" data-element_type=\"widget\" data-settings=\"{&quot;_transform_translateY_effect&quot;:{&quot;unit&quot;:&quot;px&quot;,&quot;size&quot;:60,&quot;sizes&quot;:[]},&quot;_transform_translateX_effect&quot;:{&quot;unit&quot;:&quot;px&quot;,&quot;size&quot;:&quot;&quot;,&quot;sizes&quot;:[]},&quot;_transform_translateX_effect_tablet&quot;:{&quot;unit&quot;:&quot;px&quot;,&quot;size&quot;:&quot;&quot;,&quot;sizes&quot;:[]},&quot;_transform_translateX_effect_mobile&quot;:{&quot;unit&quot;:&quot;px&quot;,&quot;size&quot;:&quot;&quot;,&quot;sizes&quot;:[]},&quot;_transform_translateY_effect_tablet&quot;:{&quot;unit&quot;:&quot;px&quot;,&quot;size&quot;:&quot;&quot;,&quot;sizes&quot;:[]},&quot;_transform_translateY_effect_mobile&quot;:{&quot;unit&quot;:&quot;px&quot;,&quot;size&quot;:&quot;&quot;,&quot;sizes&quot;:[]}}\" data-widget_type=\"text-editor.default\">\n\t\t\t\t<div class=\"elementor-widget-container\">\n\t\t\t\t\t\t\t<p><strong>Peut mieux faire \/ Peu de chances qu&rsquo;on y rejoue<\/strong><\/p>\t\t\t\t\t\t<\/div>\n\t\t\t\t<\/div>\n\t\t\t\t\t<\/div>\n\t\t<\/div>\n\t\t\t\t\t\t\t<\/div>\n\t\t<\/section>\n\t\t\t\t<section class=\"elementor-section elementor-inner-section elementor-element elementor-element-95180a6 elementor-section-boxed elementor-section-height-default elementor-section-height-default\" data-id=\"95180a6\" data-element_type=\"section\">\n\t\t\t\t\t\t<div class=\"elementor-container elementor-column-gap-default\">\n\t\t\t\t\t<div class=\"elementor-column elementor-col-50 elementor-inner-column elementor-element elementor-element-7cab5eb\" data-id=\"7cab5eb\" data-element_type=\"column\">\n\t\t\t<div class=\"elementor-widget-wrap elementor-element-populated\">\n\t\t\t\t\t\t\t\t<div class=\"elementor-element elementor-element-ee186e0 elementor-widget elementor-widget-image\" data-id=\"ee186e0\" data-element_type=\"widget\" data-widget_type=\"image.default\">\n\t\t\t\t<div class=\"elementor-widget-container\">\n\t\t\t\t\t\t\t\t\t\t\t\t\t\t\t<img decoding=\"async\" width=\"150\" height=\"150\" src=\"https:\/\/renegades.fr\/wp-content\/uploads\/2019\/11\/RGSARGENT-copie-150x150.png\" class=\"attachment-thumbnail size-thumbnail\" alt=\"\" loading=\"lazy\" \/>\t\t\t\t\t\t\t\t\t\t\t\t\t\t\t<\/div>\n\t\t\t\t<\/div>\n\t\t\t\t\t<\/div>\n\t\t<\/div>\n\t\t\t\t<div class=\"elementor-column elementor-col-50 elementor-inner-column elementor-element elementor-element-2994fb7\" data-id=\"2994fb7\" data-element_type=\"column\">\n\t\t\t<div class=\"elementor-widget-wrap elementor-element-populated\">\n\t\t\t\t\t\t\t\t<div class=\"elementor-element elementor-element-d44a482 e-transform elementor-widget elementor-widget-text-editor\" data-id=\"d44a482\" data-element_type=\"widget\" data-settings=\"{&quot;_transform_translateY_effect&quot;:{&quot;unit&quot;:&quot;px&quot;,&quot;size&quot;:60,&quot;sizes&quot;:[]},&quot;_transform_translateX_effect&quot;:{&quot;unit&quot;:&quot;px&quot;,&quot;size&quot;:&quot;&quot;,&quot;sizes&quot;:[]},&quot;_transform_translateX_effect_tablet&quot;:{&quot;unit&quot;:&quot;px&quot;,&quot;size&quot;:&quot;&quot;,&quot;sizes&quot;:[]},&quot;_transform_translateX_effect_mobile&quot;:{&quot;unit&quot;:&quot;px&quot;,&quot;size&quot;:&quot;&quot;,&quot;sizes&quot;:[]},&quot;_transform_translateY_effect_tablet&quot;:{&quot;unit&quot;:&quot;px&quot;,&quot;size&quot;:&quot;&quot;,&quot;sizes&quot;:[]},&quot;_transform_translateY_effect_mobile&quot;:{&quot;unit&quot;:&quot;px&quot;,&quot;size&quot;:&quot;&quot;,&quot;sizes&quot;:[]}}\" data-widget_type=\"text-editor.default\">\n\t\t\t\t<div class=\"elementor-widget-container\">\n\t\t\t\t\t\t\t<p><strong>Le potentiel est l\u00e0 \/ Il manque un truc pour accrocher<\/strong><\/p>\t\t\t\t\t\t<\/div>\n\t\t\t\t<\/div>\n\t\t\t\t\t<\/div>\n\t\t<\/div>\n\t\t\t\t\t\t\t<\/div>\n\t\t<\/section>\n\t\t\t\t<section class=\"elementor-section elementor-inner-section elementor-element elementor-element-d97f3d4 elementor-section-boxed elementor-section-height-default elementor-section-height-default\" data-id=\"d97f3d4\" data-element_type=\"section\">\n\t\t\t\t\t\t<div class=\"elementor-container elementor-column-gap-default\">\n\t\t\t\t\t<div class=\"elementor-column elementor-col-50 elementor-inner-column elementor-element elementor-element-e6d07fb\" data-id=\"e6d07fb\" data-element_type=\"column\">\n\t\t\t<div class=\"elementor-widget-wrap elementor-element-populated\">\n\t\t\t\t\t\t\t\t<div class=\"elementor-element elementor-element-5407eed elementor-widget elementor-widget-image\" data-id=\"5407eed\" data-element_type=\"widget\" data-widget_type=\"image.default\">\n\t\t\t\t<div class=\"elementor-widget-container\">\n\t\t\t\t\t\t\t\t\t\t\t\t\t\t\t<img decoding=\"async\" width=\"150\" height=\"150\" src=\"https:\/\/renegades.fr\/wp-content\/uploads\/2019\/11\/RGSOR-copie-150x150.png\" class=\"attachment-thumbnail size-thumbnail\" alt=\"\" loading=\"lazy\" \/>\t\t\t\t\t\t\t\t\t\t\t\t\t\t\t<\/div>\n\t\t\t\t<\/div>\n\t\t\t\t\t<\/div>\n\t\t<\/div>\n\t\t\t\t<div class=\"elementor-column elementor-col-50 elementor-inner-column elementor-element elementor-element-06b8b16\" data-id=\"06b8b16\" data-element_type=\"column\">\n\t\t\t<div class=\"elementor-widget-wrap elementor-element-populated\">\n\t\t\t\t\t\t\t\t<div class=\"elementor-element elementor-element-5f84921 e-transform elementor-widget elementor-widget-text-editor\" data-id=\"5f84921\" data-element_type=\"widget\" data-settings=\"{&quot;_transform_translateY_effect&quot;:{&quot;unit&quot;:&quot;px&quot;,&quot;size&quot;:60,&quot;sizes&quot;:[]},&quot;_transform_translateX_effect&quot;:{&quot;unit&quot;:&quot;px&quot;,&quot;size&quot;:&quot;&quot;,&quot;sizes&quot;:[]},&quot;_transform_translateX_effect_tablet&quot;:{&quot;unit&quot;:&quot;px&quot;,&quot;size&quot;:&quot;&quot;,&quot;sizes&quot;:[]},&quot;_transform_translateX_effect_mobile&quot;:{&quot;unit&quot;:&quot;px&quot;,&quot;size&quot;:&quot;&quot;,&quot;sizes&quot;:[]},&quot;_transform_translateY_effect_tablet&quot;:{&quot;unit&quot;:&quot;px&quot;,&quot;size&quot;:&quot;&quot;,&quot;sizes&quot;:[]},&quot;_transform_translateY_effect_mobile&quot;:{&quot;unit&quot;:&quot;px&quot;,&quot;size&quot;:&quot;&quot;,&quot;sizes&quot;:[]}}\" data-widget_type=\"text-editor.default\">\n\t\t\t\t<div class=\"elementor-widget-container\">\n\t\t\t\t\t\t\t<p><strong>C\u2019est solide \/ De quoi y rejouer et le finir \u00e0 100%<\/strong><\/p>\t\t\t\t\t\t<\/div>\n\t\t\t\t<\/div>\n\t\t\t\t\t<\/div>\n\t\t<\/div>\n\t\t\t\t\t\t\t<\/div>\n\t\t<\/section>\n\t\t\t\t<section class=\"elementor-section elementor-inner-section elementor-element elementor-element-883a306 elementor-section-boxed elementor-section-height-default elementor-section-height-default\" data-id=\"883a306\" data-element_type=\"section\">\n\t\t\t\t\t\t<div class=\"elementor-container elementor-column-gap-default\">\n\t\t\t\t\t<div class=\"elementor-column elementor-col-50 elementor-inner-column elementor-element elementor-element-f955b11\" data-id=\"f955b11\" data-element_type=\"column\">\n\t\t\t<div class=\"elementor-widget-wrap elementor-element-populated\">\n\t\t\t\t\t\t\t\t<div class=\"elementor-element elementor-element-b1c35b8 elementor-widget elementor-widget-image\" data-id=\"b1c35b8\" data-element_type=\"widget\" data-widget_type=\"image.default\">\n\t\t\t\t<div class=\"elementor-widget-container\">\n\t\t\t\t\t\t\t\t\t\t\t\t\t\t\t<img decoding=\"async\" width=\"150\" height=\"150\" src=\"https:\/\/renegades.fr\/wp-content\/uploads\/2019\/11\/RGSPLATINE-copie-150x150.png\" class=\"attachment-thumbnail size-thumbnail\" alt=\"\" loading=\"lazy\" \/>\t\t\t\t\t\t\t\t\t\t\t\t\t\t\t<\/div>\n\t\t\t\t<\/div>\n\t\t\t\t\t<\/div>\n\t\t<\/div>\n\t\t\t\t<div class=\"elementor-column elementor-col-50 elementor-inner-column elementor-element elementor-element-c376bd1\" data-id=\"c376bd1\" data-element_type=\"column\">\n\t\t\t<div class=\"elementor-widget-wrap elementor-element-populated\">\n\t\t\t\t\t\t\t\t<div class=\"elementor-element elementor-element-051c26e e-transform elementor-widget elementor-widget-text-editor\" data-id=\"051c26e\" data-element_type=\"widget\" data-settings=\"{&quot;_transform_translateY_effect&quot;:{&quot;unit&quot;:&quot;px&quot;,&quot;size&quot;:60,&quot;sizes&quot;:[]},&quot;_transform_translateX_effect&quot;:{&quot;unit&quot;:&quot;px&quot;,&quot;size&quot;:&quot;&quot;,&quot;sizes&quot;:[]},&quot;_transform_translateX_effect_tablet&quot;:{&quot;unit&quot;:&quot;px&quot;,&quot;size&quot;:&quot;&quot;,&quot;sizes&quot;:[]},&quot;_transform_translateX_effect_mobile&quot;:{&quot;unit&quot;:&quot;px&quot;,&quot;size&quot;:&quot;&quot;,&quot;sizes&quot;:[]},&quot;_transform_translateY_effect_tablet&quot;:{&quot;unit&quot;:&quot;px&quot;,&quot;size&quot;:&quot;&quot;,&quot;sizes&quot;:[]},&quot;_transform_translateY_effect_mobile&quot;:{&quot;unit&quot;:&quot;px&quot;,&quot;size&quot;:&quot;&quot;,&quot;sizes&quot;:[]}}\" data-widget_type=\"text-editor.default\">\n\t\t\t\t<div class=\"elementor-widget-container\">\n\t\t\t\t\t\t\t<p><strong>Foncez les yeux ferm\u00e9s \/ Quasi pas de d\u00e9fauts !<\/strong><\/p>\t\t\t\t\t\t<\/div>\n\t\t\t\t<\/div>\n\t\t\t\t\t<\/div>\n\t\t<\/div>\n\t\t\t\t\t\t\t<\/div>\n\t\t<\/section>\n\t\t\t\t<section class=\"elementor-section elementor-inner-section elementor-element elementor-element-3635810 elementor-section-boxed elementor-section-height-default elementor-section-height-default\" data-id=\"3635810\" data-element_type=\"section\">\n\t\t\t\t\t\t<div class=\"elementor-container elementor-column-gap-default\">\n\t\t\t\t\t<div class=\"elementor-column elementor-col-50 elementor-inner-column elementor-element elementor-element-2bb21c6\" data-id=\"2bb21c6\" data-element_type=\"column\">\n\t\t\t<div class=\"elementor-widget-wrap elementor-element-populated\">\n\t\t\t\t\t\t\t\t<div class=\"elementor-element elementor-element-eca475e elementor-widget elementor-widget-image\" data-id=\"eca475e\" data-element_type=\"widget\" data-widget_type=\"image.default\">\n\t\t\t\t<div class=\"elementor-widget-container\">\n\t\t\t\t\t\t\t\t\t\t\t\t\t\t\t<img decoding=\"async\" width=\"150\" height=\"150\" src=\"https:\/\/renegades.fr\/wp-content\/uploads\/2019\/12\/RGSDIAMANT-copie-150x150.png\" class=\"attachment-thumbnail size-thumbnail\" alt=\"\" loading=\"lazy\" \/>\t\t\t\t\t\t\t\t\t\t\t\t\t\t\t<\/div>\n\t\t\t\t<\/div>\n\t\t\t\t\t<\/div>\n\t\t<\/div>\n\t\t\t\t<div class=\"elementor-column elementor-col-50 elementor-inner-column elementor-element elementor-element-e190504\" data-id=\"e190504\" data-element_type=\"column\">\n\t\t\t<div class=\"elementor-widget-wrap elementor-element-populated\">\n\t\t\t\t\t\t\t\t<div class=\"elementor-element elementor-element-3276567 e-transform elementor-widget elementor-widget-text-editor\" data-id=\"3276567\" data-element_type=\"widget\" data-settings=\"{&quot;_transform_translateY_effect&quot;:{&quot;unit&quot;:&quot;px&quot;,&quot;size&quot;:60,&quot;sizes&quot;:[]},&quot;_transform_translateX_effect&quot;:{&quot;unit&quot;:&quot;px&quot;,&quot;size&quot;:&quot;&quot;,&quot;sizes&quot;:[]},&quot;_transform_translateX_effect_tablet&quot;:{&quot;unit&quot;:&quot;px&quot;,&quot;size&quot;:&quot;&quot;,&quot;sizes&quot;:[]},&quot;_transform_translateX_effect_mobile&quot;:{&quot;unit&quot;:&quot;px&quot;,&quot;size&quot;:&quot;&quot;,&quot;sizes&quot;:[]},&quot;_transform_translateY_effect_tablet&quot;:{&quot;unit&quot;:&quot;px&quot;,&quot;size&quot;:&quot;&quot;,&quot;sizes&quot;:[]},&quot;_transform_translateY_effect_mobile&quot;:{&quot;unit&quot;:&quot;px&quot;,&quot;size&quot;:&quot;&quot;,&quot;sizes&quot;:[]}}\" data-widget_type=\"text-editor.default\">\n\t\t\t\t<div class=\"elementor-widget-container\">\n\t\t\t\t\t\t\t<p><strong>Incontournable \/ Proche de la perfection !<\/strong><\/p>\t\t\t\t\t\t<\/div>\n\t\t\t\t<\/div>\n\t\t\t\t\t<\/div>\n\t\t<\/div>\n\t\t\t\t\t\t\t<\/div>\n\t\t<\/section>\n\t\t\t\t<div class=\"elementor-element elementor-element-9ede645 elementor-widget elementor-widget-image\" data-id=\"9ede645\" data-element_type=\"widget\" data-widget_type=\"image.default\">\n\t\t\t\t<div class=\"elementor-widget-container\">\n\t\t\t\t\t\t\t\t\t\t\t\t\t\t\t<img decoding=\"async\" width=\"1080\" height=\"100\" src=\"https:\/\/renegades.fr\/wp-content\/uploads\/2022\/03\/MLSW.jpg\" class=\"attachment-full size-full\" alt=\"\" loading=\"lazy\" srcset=\"https:\/\/renegades.fr\/wp-content\/uploads\/2022\/03\/MLSW.jpg 1080w, https:\/\/renegades.fr\/wp-content\/uploads\/2022\/03\/MLSW-300x28.jpg 300w, https:\/\/renegades.fr\/wp-content\/uploads\/2022\/03\/MLSW-1024x95.jpg 1024w, https:\/\/renegades.fr\/wp-content\/uploads\/2022\/03\/MLSW-768x71.jpg 768w\" sizes=\"(max-width: 1080px) 100vw, 1080px\" \/>\t\t\t\t\t\t\t\t\t\t\t\t\t\t\t<\/div>\n\t\t\t\t<\/div>\n\t\t\t\t<div class=\"elementor-element elementor-element-16881b4 elementor-widget elementor-widget-text-editor\" data-id=\"16881b4\" data-element_type=\"widget\" data-widget_type=\"text-editor.default\">\n\t\t\t\t<div class=\"elementor-widget-container\">\n\t\t\t\t\t\t\t<p style=\"text-align: justify;\">Cette page d\u00e9crit les mentions l\u00e9gales qui s&rsquo;appliquent \u00e0 tout internaute visitant ce site. En le consultant vous vous engagez sans r\u00e9serve \u00e0 les respecter. Les mentions l\u00e9gales pouvant \u00eatre modifi\u00e9es \u00e0 tout moment et sans pr\u00e9avis, nous vous engageons \u00e0 les consulter r\u00e9guli\u00e8rement.<\/p><h2 style=\"margin: 0px 22px 16px; padding: 0px; border: 0px; outline: 0px; vertical-align: baseline; font-weight: normal; color: #333333; font-size: 24px; font-family: 'Source Sans Pro', sans-serif; text-align: justify;\"><strong>Propri\u00e9t\u00e9 Intellectuelle<\/strong><\/h2><p style=\"text-align: justify;\">Le site http:\/\/www.renegades.live appartient et est exploit\u00e9 par l&rsquo;association RENEGADES. La pr\u00e9sentation et chacun des \u00e9l\u00e9ments, y compris les marques, logos et noms de domaine, apparaissant sur le site http:\/\/www.renegades.live (ci-apr\u00e8s \u00ab\u00a0les Sites\u00a0\u00bb), sont prot\u00e9g\u00e9s par les lois en vigueur sur la propri\u00e9t\u00e9 intellectuelle, et appartiennent \u00e0 RENEGADES ou font l&rsquo;objet d&rsquo;une autorisation d&rsquo;utilisation.<\/p><p style=\"text-align: justify;\">Aucun \u00e9l\u00e9ment tel que le contenu r\u00e9dactionnel ou les photographies composant les Sites ne peut \u00eatre copi\u00e9, reproduit, modifi\u00e9, r\u00e9\u00e9dit\u00e9, charg\u00e9, d\u00e9natur\u00e9, transmis ou distribu\u00e9 de quelque mani\u00e8re que ce soit, sous quelque support que ce soit, de fa\u00e7on partielle ou int\u00e9grale, sans l&rsquo;autorisation \u00e9crite et pr\u00e9alable de Renegades \u00e0 l&rsquo;exception d&rsquo;une stricte utilisation pour les besoins de la presse et sous r\u00e9serve du respect des droits de propri\u00e9t\u00e9 intellectuelle et de tout autre droit de propri\u00e9t\u00e9 dont il est fait mention. Seule la copie \u00e0 usage priv\u00e9 est autoris\u00e9e pour votre usage personnel, priv\u00e9 et non-commercial, sur votre ordinateur personnel.<\/p><p style=\"text-align: justify;\">La mention suivante doit notamment appara\u00eetre sur toute copie autoris\u00e9e de tout ou partie du contenu du Site: \u00ab\u00a0COPYRIGHT RENEGADES TOUS DROITS R\u00c9SERV\u00c9S\u00a0\u00bb. Toute utilisation autoris\u00e9e des \u00e9l\u00e9ments composant ou figurant dans le site doit se faire sans d\u00e9naturation, modification ou alt\u00e9ration de quelque mani\u00e8re que ce soit.<\/p><p style=\"text-align: center;\">RENEGADES se r\u00e9serve le droit de poursuivre tout acte de contrefa\u00e7on de ses droits de propri\u00e9t\u00e9 intellectuelle.<\/p><p><span style=\"text-decoration: underline;\"><strong>Le nom RENEGADES et le LOGO et SIGLE associ\u00e9 sont d\u00e9pos\u00e9e \u00e0 l&rsquo;INPI<\/strong><\/span><\/p><h2 style=\"margin: 0px 22px 16px; padding: 0px; border: 0px; outline: 0px; vertical-align: baseline; font-weight: normal; color: #333333; font-size: 24px; font-family: 'Source Sans Pro', sans-serif; text-align: justify;\"><strong>Liens vers d&rsquo;autres sites<\/strong><\/h2><p style=\"text-align: justify;\">La responsabilit\u00e9 de RENEGADES ne saurait \u00eatre engag\u00e9e au titre d&rsquo;un site tiers auquel vous auriez acc\u00e8s via les sites. Nous ne disposons d&rsquo;aucun moyen de contr\u00f4le du contenu de ces sites tiers qui demeurent totalement ind\u00e9pendants de RENEGADES. De surcro\u00eet, l&rsquo;existence d&rsquo;un lien entre les Sites et un site tiers ne signifie en aucun cas que RENEGADES approuve \u00e0 quelque titre que ce soit le contenu de ce site et a fortiori l&rsquo;usage qui pourrait en \u00eatre fait.<\/p><p style=\"text-align: justify;\">En outre, il vous incombe de prendre les pr\u00e9cautions n\u00e9cessaires pour \u00e9viter toute contamination des Sites par notamment un ou plusieurs \u00ab\u00a0virus\u00a0\u00bb, \u00ab\u00a0Cheval de Troie\u00a0\u00bb ou tout autre \u00ab\u00a0parasite\u00a0\u00bb.<\/p><p style=\"text-align: justify;\">Des sites externes peuvent contenir des liens hypertextes pointant vers les Sites. Un tel lien ne pourra \u00eatre install\u00e9 sans l&rsquo;accord pr\u00e9alable et expr\u00e8s de RENEGADES. En tout \u00e9tat de cause, RENEGADES\u00a0n&rsquo;est aucunement responsable de l&rsquo;indisponibilit\u00e9 de tels sites et RENEGADES\u00a0n&rsquo;examine, ne contr\u00f4le, n&rsquo;approuve ni n&rsquo;est responsable des contenus, publicit\u00e9s, produits ou autres \u00e9l\u00e9ments disponibles sur ou via ces sites.<\/p><h2 style=\"margin: 0px 22px 16px; padding: 0px; border: 0px; outline: 0px; vertical-align: baseline; font-weight: normal; color: #333333; font-size: 24px; font-family: 'Source Sans Pro', sans-serif; text-align: justify;\"><strong>Dispositions juridictionnelles<\/strong><\/h2><p style=\"text-align: justify;\">Le Site et son contenu sont r\u00e9gis par le Droit Fran\u00e7ais, et tout litige \u00e9ventuel s&rsquo;y rapportant sera soumis \u00e0 la comp\u00e9tence des tribunaux fran\u00e7ais.<br \/><br \/><\/p><div style=\"text-align: center;\"><strong>RENEGADES\u00ae est une marque d\u00e9pos\u00e9e &#8211; Copyright \u00a9 2017-2022 RENEGADES &#8211; RENEGADES.LIVE, tous droits r\u00e9serv\u00e9s.<\/strong><\/div><div style=\"text-align: center;\"><strong>Les commentaires sont la propri\u00e9t\u00e9 respective de ceux qui les postent.<\/strong><\/div>\t\t\t\t\t\t<\/div>\n\t\t\t\t<\/div>\n\t\t\t\t\t<\/div>\n\t\t<\/div>\n\t\t\t\t\t\t\t<\/div>\n\t\t<\/section>\n\t\t\t\t\t\t\t<\/div>\n\t\t","protected":false},"excerpt":{"rendered":"<p>La team des pionniers de RENEGADES se composent de tous bords et horizons, de v\u00e9t\u00e9rans&#8230;<\/p>\n","protected":false},"author":1,"featured_media":0,"parent":0,"menu_order":0,"comment_status":"closed","ping_status":"closed","template":"","meta":[],"aioseo_notices":[],"_links":{"self":[{"href":"https:\/\/renegades.fr\/index.php?rest_route=\/wp\/v2\/pages\/8348"}],"collection":[{"href":"https:\/\/renegades.fr\/index.php?rest_route=\/wp\/v2\/pages"}],"about":[{"href":"https:\/\/renegades.fr\/index.php?rest_route=\/wp\/v2\/types\/page"}],"author":[{"embeddable":true,"href":"https:\/\/renegades.fr\/index.php?rest_route=\/wp\/v2\/users\/1"}],"replies":[{"embeddable":true,"href":"https:\/\/renegades.fr\/index.php?rest_route=%2Fwp%2Fv2%2Fcomments&post=8348"}],"version-history":[{"count":16,"href":"https:\/\/renegades.fr\/index.php?rest_route=\/wp\/v2\/pages\/8348\/revisions"}],"predecessor-version":[{"id":10157,"href":"https:\/\/renegades.fr\/index.php?rest_route=\/wp\/v2\/pages\/8348\/revisions\/10157"}],"wp:attachment":[{"href":"https:\/\/renegades.fr\/index.php?rest_route=%2Fwp%2Fv2%2Fmedia&parent=8348"}],"curies":[{"name":"wp","href":"https:\/\/api.w.org\/{rel}","templated":true}]}}