{"id":8359,"date":"2022-03-22T00:57:08","date_gmt":"2022-03-21T23:57:08","guid":{"rendered":"https:\/\/therenegades.live\/?page_id=8359"},"modified":"2022-10-21T12:23:48","modified_gmt":"2022-10-21T10:23:48","slug":"nous-soutenir","status":"publish","type":"page","link":"https:\/\/renegades.fr\/?page_id=8359","title":{"rendered":"Nous soutenir"},"content":{"rendered":"\t\t<div data-elementor-type=\"wp-page\" data-elementor-id=\"8359\" class=\"elementor elementor-8359\">\n\t\t\t\t\t\t\t\t\t<section class=\"elementor-section elementor-top-section elementor-element elementor-element-15b6aab elementor-section-boxed elementor-section-height-default elementor-section-height-default\" data-id=\"15b6aab\" data-element_type=\"section\">\n\t\t\t\t\t\t<div class=\"elementor-container elementor-column-gap-default\">\n\t\t\t\t\t<div class=\"elementor-column elementor-col-100 elementor-top-column elementor-element elementor-element-3388716\" data-id=\"3388716\" data-element_type=\"column\">\n\t\t\t<div class=\"elementor-widget-wrap elementor-element-populated\">\n\t\t\t\t\t\t\t\t<div class=\"elementor-element elementor-element-3828983 elementor-widget elementor-widget-image\" data-id=\"3828983\" data-element_type=\"widget\" data-widget_type=\"image.default\">\n\t\t\t\t<div class=\"elementor-widget-container\">\n\t\t\t<style>\/*! elementor - v3.6.5 - 27-04-2022 *\/\n.elementor-widget-image{text-align:center}.elementor-widget-image a{display:inline-block}.elementor-widget-image a img[src$=\".svg\"]{width:48px}.elementor-widget-image img{vertical-align:middle;display:inline-block}<\/style>\t\t\t\t\t\t\t\t\t\t\t\t<img decoding=\"async\" width=\"1080\" height=\"100\" src=\"https:\/\/renegades.fr\/wp-content\/uploads\/2022\/03\/SOUTENIRSW.jpg\" class=\"attachment-full size-full\" alt=\"\" loading=\"lazy\" srcset=\"https:\/\/renegades.fr\/wp-content\/uploads\/2022\/03\/SOUTENIRSW.jpg 1080w, https:\/\/renegades.fr\/wp-content\/uploads\/2022\/03\/SOUTENIRSW-300x28.jpg 300w, https:\/\/renegades.fr\/wp-content\/uploads\/2022\/03\/SOUTENIRSW-1024x95.jpg 1024w, https:\/\/renegades.fr\/wp-content\/uploads\/2022\/03\/SOUTENIRSW-768x71.jpg 768w\" sizes=\"(max-width: 1080px) 100vw, 1080px\" \/>\t\t\t\t\t\t\t\t\t\t\t\t\t\t\t<\/div>\n\t\t\t\t<\/div>\n\t\t\t\t<div class=\"elementor-element elementor-element-46f2db4 elementor-widget elementor-widget-text-editor\" data-id=\"46f2db4\" data-element_type=\"widget\" data-widget_type=\"text-editor.default\">\n\t\t\t\t<div class=\"elementor-widget-container\">\n\t\t\t<style>\/*! elementor - v3.6.5 - 27-04-2022 *\/\n.elementor-widget-text-editor.elementor-drop-cap-view-stacked .elementor-drop-cap{background-color:#818a91;color:#fff}.elementor-widget-text-editor.elementor-drop-cap-view-framed .elementor-drop-cap{color:#818a91;border:3px solid;background-color:transparent}.elementor-widget-text-editor:not(.elementor-drop-cap-view-default) .elementor-drop-cap{margin-top:8px}.elementor-widget-text-editor:not(.elementor-drop-cap-view-default) .elementor-drop-cap-letter{width:1em;height:1em}.elementor-widget-text-editor .elementor-drop-cap{float:left;text-align:center;line-height:1;font-size:50px}.elementor-widget-text-editor .elementor-drop-cap-letter{display:inline-block}<\/style>\t\t\t\t<p>Pour nous soutenir dans notre projet et nous permettre d&rsquo;avancer, vous pouvez le faire de plusieurs mani\u00e8res !<br>En nous suivant sur nos r\u00e9seaux, en parlant de l&rsquo;association et de nos streams, m\u00e9dias et projets autour de vous, \u00e0 vos proches, familles, amis, connaissances !<\/p>\n<p>Comme tout projet, m\u00eame associatif, nous avons des frais de fonctionnement, pour un site Internet, des services de multi streaming, un nom de domaine, l&rsquo;acquisition de mat\u00e9riel logistique permettant de conserver notre ind\u00e9pendance. Afin de nous aider \u00e0 financer ces ressources, vous pouvez participer de plusieurs mani\u00e8res diff\u00e9rentes :<\/p>\n<p><strong>&#8211; Adh\u00e9rer \u00e0 l&rsquo;association et nous soutenir \u00e0 l&rsquo;aide de la cotisation annuelle. (\u00c0 venir)<\/strong><br><strong>&#8211; Donner sur notre tipeee et ainsi obtenir des bonus exclusifs.&nbsp;<\/strong><strong>(<\/strong><strong>\u00c0 venir<\/strong><strong>)<\/strong><br><strong>&#8211; Nous soutenir via le syst\u00e8me de subs sur Twitch afin d&rsquo;aider la chaine \u00e0 devenir partenaire et gagner en visibilit\u00e9.<\/strong><\/p>\t\t\t\t\t\t<\/div>\n\t\t\t\t<\/div>\n\t\t\t\t\t<\/div>\n\t\t<\/div>\n\t\t\t\t\t\t\t<\/div>\n\t\t<\/section>\n\t\t\t\t\t\t\t<\/div>\n\t\t","protected":false},"excerpt":{"rendered":"<p>Pour nous soutenir dans notre projet et nous permettre d&rsquo;avancer, vous pouvez le faire de&#8230;<\/p>\n","protected":false},"author":1,"featured_media":0,"parent":0,"menu_order":0,"comment_status":"closed","ping_status":"closed","template":"","meta":[],"aioseo_notices":[],"_links":{"self":[{"href":"https:\/\/renegades.fr\/index.php?rest_route=\/wp\/v2\/pages\/8359"}],"collection":[{"href":"https:\/\/renegades.fr\/index.php?rest_route=\/wp\/v2\/pages"}],"about":[{"href":"https:\/\/renegades.fr\/index.php?rest_route=\/wp\/v2\/types\/page"}],"author":[{"embeddable":true,"href":"https:\/\/renegades.fr\/index.php?rest_route=\/wp\/v2\/users\/1"}],"replies":[{"embeddable":true,"href":"https:\/\/renegades.fr\/index.php?rest_route=%2Fwp%2Fv2%2Fcomments&post=8359"}],"version-history":[{"count":3,"href":"https:\/\/renegades.fr\/index.php?rest_route=\/wp\/v2\/pages\/8359\/revisions"}],"predecessor-version":[{"id":9951,"href":"https:\/\/renegades.fr\/index.php?rest_route=\/wp\/v2\/pages\/8359\/revisions\/9951"}],"wp:attachment":[{"href":"https:\/\/renegades.fr\/index.php?rest_route=%2Fwp%2Fv2%2Fmedia&parent=8359"}],"curies":[{"name":"wp","href":"https:\/\/api.w.org\/{rel}","templated":true}]}}